{"id":14,"date":"2025-12-19T10:56:04","date_gmt":"2025-12-19T10:56:04","guid":{"rendered":"https:\/\/oceanic-odette-vwql.zipwp.link\/?page_id=14"},"modified":"2025-12-19T10:56:04","modified_gmt":"2025-12-19T10:56:04","slug":"contact","status":"publish","type":"page","link":"https:\/\/ia.kalitess.fr\/index.php\/contact\/","title":{"rendered":"Contact"},"content":{"rendered":"\n<div class=\"wp-block-uagb-container uagb-layout-flex uagb-block-2c41d92f alignfull uagb-is-root-container\"><div class=\"uagb-container-inner-blocks-wrap\"><\/div><\/div>\n\n\n\n<div class=\"wp-block-uagb-container uagb-layout-flex uagb-block-e82af15f alignfull uagb-is-root-container\"><div class=\"uagb-container-inner-blocks-wrap\">\n<div class=\"wp-block-uagb-container uagb-block-e55db0f9\">\n<div class=\"wp-block-uagb-container uag-blocks-common-selector uagb-layout-flex uagb-block-4a44375c\">\n<div class=\"wp-block-uagb-info-box uagb-block-0c1ea6af uagb-infobox__content-wrap  uagb-infobox-icon-above-title uagb-infobox-image-valign-top wp-block-uagb-info-box--has-margin\"><div class=\"uagb-infobox-margin-wrapper\"><div class=\"uagb-ifb-content\"><div class=\"uagb-ifb-title-wrap\"><p class=\"uagb-ifb-title-prefix\">Contactez-nous<\/p><h1 class=\"uagb-ifb-title\">Votre partenaire pour un accueil exceptionnel<\/h1><\/div><p class=\"uagb-ifb-desc\">Nous sommes \u00e0 votre \u00e9coute pour r\u00e9pondre \u00e0 toutes vos questions et vous accompagner dans vos besoins en accueil personnalis\u00e9.<\/p><\/div><\/div><\/div>\n<\/div>\n\n\n\n<div class=\"wp-block-uagb-container uag-blocks-common-selector uagb-layout-flex uagb-block-9b437d79\">\n<div class=\"wp-block-uagb-forms uagb-forms__outer-wrap uagb-block-3c3a473a uagb-forms__medium-btn\"><form class=\"uagb-forms-main-form\" method=\"post\" autocomplete=\"on\" name=\"uagb-form-3c3a473a\">\n<div class=\"wp-block-uagb-forms-name uagb-forms-name-wrap uagb-forms-field-set uagb-block-7893ece7\"><div class=\"uagb-forms-name-label required uagb-forms-input-label\" id=\"7893ece7\">First Name<\/div><input type=\"text\" placeholder=\"Nom\" required class=\"uagb-forms-name-input uagb-forms-input\" name=\"7893ece7\" autocomplete=\"name\"\/><\/div>\n\n\n\n<div class=\"wp-block-uagb-forms-email uagb-forms-email-wrap uagb-forms-field-set uagb-block-85a6cdbb\"><div class=\"uagb-forms-email-label  uagb-forms-input-label\" id=\"85a6cdbb\">Email<\/div><input type=\"email\" class=\"uagb-forms-email-input uagb-forms-input\" placeholder=\"Email\" name=\"85a6cdbb\" autocomplete=\"email\"\/><\/div>\n\n\n\n<div class=\"wp-block-uagb-forms-name uagb-forms-name-wrap uagb-forms-field-set uagb-block-94e12cd9\"><div class=\"uagb-forms-name-label required uagb-forms-input-label\" id=\"94e12cd9\">First Name<\/div><input type=\"text\" placeholder=\"T\u00e9l\u00e9phone\" required class=\"uagb-forms-name-input uagb-forms-input\" name=\"94e12cd9\" autocomplete=\"name\"\/><\/div>\n\n\n\n<div class=\"wp-block-uagb-forms-textarea uagb-forms-textarea-wrap uagb-forms-field-set uagb-block-29bbf17c\"><div class=\"uagb-forms-textarea-label required uagb-forms-input-label\" id=\"29bbf17c\">Message<\/div><textarea required class=\"uagb-forms-textarea-input uagb-forms-input\" rows=\"5\" placeholder=\"D\u00e9tails sur la r\u00e9novation..\" name=\"29bbf17c\" autocomplete=\"off\"><\/textarea><\/div>\n<div class=\"uagb-forms-form-hidden-data\"><input type=\"hidden\" class=\"uagb_forms_form_label\" value=\"Spectra Form\"\/><input type=\"hidden\" class=\"uagb_forms_form_id\" value=\"uagb-form-3c3a473a\"\/><\/div><div class=\"uagb-form-reacaptcha-error-3c3a473a\"><\/div><div class=\"uagb-forms-main-submit-button-wrap wp-block-button\"><button class=\"uagb-forms-main-submit-button wp-block-button__link\"><div class=\"uagb-forms-main-submit-button-text\">Envoyer un message<\/div><\/button><\/div><\/form><div class=\"uagb-forms-success-message-3c3a473a uagb-forms-submit-message-hide\"><span>The form has been submitted successfully!<\/span><\/div><div class=\"uagb-forms-failed-message-3c3a473a uagb-forms-submit-message-hide\"><span>There has been some error while submitting the form. Please verify all form fields again.<\/span><\/div><\/div>\n<\/div>\n<\/div>\n\n\n\n<div class=\"wp-block-uagb-container uagb-block-081f022b\">\n<div class=\"wp-block-uagb-container uag-blocks-common-selector uagb-layout-grid uagb-block-a7fd5171\">\n<div class=\"wp-block-uagb-advanced-heading uagb-block-1ddee0e8\"><p class=\"uagb-desc-text\">\u00c9crivez-nous<\/p><h2 class=\"uagb-heading-text\">Remplissez le formulaire de contact ci-dessous<\/h2><\/div>\n\n\n\n<div class=\"wp-block-uagb-advanced-heading uagb-block-9ae84018\"><p class=\"uagb-desc-text\">T\u00e9l\u00e9phone<\/p><h3 class=\"uagb-heading-text\">01 58 18 08 08<\/h3><\/div>\n\n\n\n<div class=\"wp-block-uagb-advanced-heading uagb-block-10800393\"><p class=\"uagb-desc-text\">Email<\/p><h3 class=\"uagb-heading-text\">contact@kalitess.fr<\/h3><\/div>\n\n\n\n<div class=\"wp-block-uagb-advanced-heading uagb-block-a80fb6e7\"><p class=\"uagb-desc-text\">Adresse du bureau<\/p><h3 class=\"uagb-heading-text\">43, RUE GODOT DE MAUROY 75009 PARIS<\/h3><\/div>\n\n\n\n<div class=\"wp-block-uagb-container uagb-layout-grid uagb-block-5ff8458a\">\n<div class=\"wp-block-uagb-advanced-heading uagb-block-c54b8a42\"><p class=\"uagb-desc-text\">R\u00e9seaux sociaux<\/p><\/div>\n\n\n\n<div class=\"wp-block-uagb-icon-list uagb-block-d85557ab\"><div class=\"uagb-icon-list__wrap\">\n\n\n\n\n\n\n\n<\/div><\/div>\n<\/div>\n<\/div>\n\n\n<\/div>\n<\/div><\/div>\n\n\n\n<div class=\"wp-block-uagb-container uag-hide-desktop uag-hide-tab uag-hide-mob uagb-layout-flex uagb-block-8a2d2ef5 alignfull uagb-is-root-container\"><div class=\"uagb-container-inner-blocks-wrap\">\n<div class=\"wp-block-uagb-container uagb-block-758bc507\">\n<div class=\"wp-block-uagb-container uag-blocks-common-selector uagb-layout-flex uagb-block-de4c377f\">\n<div class=\"wp-block-uagb-info-box uagb-block-b6f78f82 uagb-infobox__content-wrap  uagb-infobox-icon-above-title uagb-infobox-image-valign-top wp-block-uagb-info-box--has-margin\"><div class=\"uagb-infobox-margin-wrapper\"><div class=\"uagb-ifb-content\"><div class=\"uagb-ifb-title-wrap\"><p class=\"uagb-ifb-title-prefix\">Contactez-nous<\/p><h1 class=\"uagb-ifb-title\">Votre partenaire pour un accueil exceptionnel<\/h1><\/div><p class=\"uagb-ifb-desc\">Nous sommes \u00e0 votre \u00e9coute pour r\u00e9pondre \u00e0 toutes vos questions et vous accompagner dans vos besoins en accueil personnalis\u00e9.<\/p><\/div><\/div><\/div>\n<\/div>\n\n\n\n<div class=\"wp-block-uagb-container uag-blocks-common-selector uagb-layout-flex uagb-block-7b030722\"><p>[sureforms id=\u00a0\u00bb1210&Prime;]<\/p>\n<\/div>\n<\/div>\n\n\n\n<div class=\"wp-block-uagb-container uagb-block-4c0b866d\">\n<div class=\"wp-block-uagb-container uag-blocks-common-selector uagb-layout-grid uagb-block-668dc699\">\n<div class=\"wp-block-uagb-advanced-heading uagb-block-912b83f7\"><p class=\"uagb-desc-text\">\u00c9crivez-nous<\/p><h2 class=\"uagb-heading-text\">Remplissez le formulaire de contact ci-dessous<\/h2><\/div>\n\n\n\n<div class=\"wp-block-uagb-advanced-heading uagb-block-c4d4a24e\"><p class=\"uagb-desc-text\">T\u00e9l\u00e9phone<\/p><h3 class=\"uagb-heading-text\">01 58 18 08 08<\/h3><\/div>\n\n\n\n<div class=\"wp-block-uagb-advanced-heading uagb-block-8b2a97fe\"><p class=\"uagb-desc-text\">Email<\/p><h3 class=\"uagb-heading-text\">contact@kalitess.fr<\/h3><\/div>\n\n\n\n<div class=\"wp-block-uagb-advanced-heading uagb-block-9451507f\"><p class=\"uagb-desc-text\">Adresse du bureau<\/p><h3 class=\"uagb-heading-text\">43, RUE GODOT DE MAUROY 75009 PARIS<\/h3><\/div>\n\n\n\n<div class=\"wp-block-uagb-container uagb-layout-grid uagb-block-ce5f8288\">\n<div class=\"wp-block-uagb-advanced-heading uagb-block-0bec4b07\"><p class=\"uagb-desc-text\">R\u00e9seaux sociaux<\/p><\/div>\n\n\n\n<div class=\"wp-block-uagb-icon-list uagb-block-c8a5333a\"><div class=\"uagb-icon-list__wrap\">\n\n\n\n\n\n\n\n<\/div><\/div>\n<\/div>\n<\/div>\n\n\n<\/div>\n<\/div><\/div>\n\n\n\n<div class=\"wp-block-uagb-container uagb-block-bf6e3552 alignfull uagb-is-root-container\"><div class=\"uagb-container-inner-blocks-wrap\">\n<div class=\"wp-block-uagb-advanced-heading uagb-block-79e45154\"><p class=\"uagb-desc-text\">Questions fr\u00e9quentes<\/p><h2 class=\"uagb-heading-text\">R\u00e9ponses \u00e0 vos questions sur nos services<\/h2><\/div>\n\n\n\n\n\n\n\n\n\n\n\n\n<\/div><\/div>\n\n\n\n<div class=\"wp-block-uagb-container uagb-layout-flex uagb-block-05314e7e alignfull uagb-is-root-container\"><div class=\"uagb-container-inner-blocks-wrap\">\n<div class=\"wp-block-uagb-info-box uagb-block-8ce7620c uagb-infobox__content-wrap  uagb-infobox-icon-above-title uagb-infobox-image-valign-top wp-block-uagb-info-box--has-margin\"><div class=\"uagb-infobox-margin-wrapper\"><div class=\"uagb-ifb-content\"><div class=\"uagb-ifb-title-wrap\"><p class=\"uagb-ifb-title-prefix\">Restons connect\u00e9s<\/p><h1 class=\"uagb-ifb-title\">Contactez-nous pour un accueil personnalis\u00e9 et sur mesure.<\/h1><\/div><p class=\"uagb-ifb-desc\">Notre \u00e9quipe est pr\u00eate \u00e0 r\u00e9pondre \u00e0 toutes vos questions et \u00e0 \u00e9laborer ensemble une solution d&rsquo;accueil adapt\u00e9e \u00e0 vos besoins.<\/p><div class=\"uagb-ifb-button-wrapper wp-block-button\"><a href=\"\/contact\" class=\"uagb-infobox-cta-link wp-block-button__link\" target=\"_self\" rel=\"noopener noreferrer\" onclick=\"return true;\"><span class=\"uagb-inline-editing\">D\u00e9couvrez nos services<\/span><\/a><\/div><\/div><\/div><\/div>\n\n\n\n<div class=\"wp-block-uagb-advanced-heading uagb-block-341ebfb8\"><div class=\"uagb-heading-text\">Or<\/div><\/div>\n\n\n\n<div class=\"wp-block-uagb-advanced-heading uagb-block-fb2399ce\"><p class=\"uagb-heading-text\">Appeler: 01 58 18 08 08<\/p><\/div>\n<\/div><\/div>\n","protected":false},"excerpt":{"rendered":"","protected":false},"author":1,"featured_media":0,"parent":0,"menu_order":0,"comment_status":"closed","ping_status":"closed","template":"","meta":{"footnotes":""},"class_list":["post-14","page","type-page","status-publish","hentry"],"_links":{"self":[{"href":"https:\/\/ia.kalitess.fr\/index.php\/wp-json\/wp\/v2\/pages\/14","targetHints":{"allow":["GET"]}}],"collection":[{"href":"https:\/\/ia.kalitess.fr\/index.php\/wp-json\/wp\/v2\/pages"}],"about":[{"href":"https:\/\/ia.kalitess.fr\/index.php\/wp-json\/wp\/v2\/types\/page"}],"author":[{"embeddable":true,"href":"https:\/\/ia.kalitess.fr\/index.php\/wp-json\/wp\/v2\/users\/1"}],"replies":[{"embeddable":true,"href":"https:\/\/ia.kalitess.fr\/index.php\/wp-json\/wp\/v2\/comments?post=14"}],"version-history":[{"count":0,"href":"https:\/\/ia.kalitess.fr\/index.php\/wp-json\/wp\/v2\/pages\/14\/revisions"}],"wp:attachment":[{"href":"https:\/\/ia.kalitess.fr\/index.php\/wp-json\/wp\/v2\/media?parent=14"}],"curies":[{"name":"wp","href":"https:\/\/api.w.org\/{rel}","templated":true}]}}